se 4*s = -m + 2, -5 = -4*s + 2*m + 3. List the prime factors of p(s).
3, 11
Let y = 90 + -47. What are the prime factors of y?
43
What are the prime factors of ((-10)/4)/(-1 - (-244)/248)?
5, 31
Suppose 29 = h - 2*b, h + 3*b = -0*b + 49. Suppose 4*r - h = 67. What are the prime factors of r?
2, 13
Let i(q) = -q**3 - 2*q**2 + 4*q + 1. Let s be i(-3). Let k = s + 8. What are the prime factors of k?
2, 3
Suppose -5*k = -207 - 133. List the prime factors of k.
2, 17
Let v(d) = -d**2 + 8*d - 11. Let i be v(5). Suppose 4*x = -y + 20, -i*y + 4*x = 3*x - 46. List the prime factors of y.
2, 3
Let a = 14 - 7. List the prime factors of a.
7
Let w(f) = -f**3 + 2*f + 1. Let a be w(-1). Suppose a*x = -4*x. Suppose -2*i + 0*i - 45 = -5*t, -4*t - 5*i + 3 = x. What are the prime factors of t?
7
Suppose -5*n = -5*g + 95, -9 = -3*g - 24. Let w = n - -35. What are the prime factors of w?
11
Let o = 14 - 6. Let v = -3 + o. Suppose 0 = b - 0*b - v. What are the prime factors of b?
5
Suppose 5*h + 20 + 114 = 2*i, -h + i - 25 = 0. Let v = h + 39. List the prime factors of v.
11
Suppose -9 - 33 = -3*o. Let j = 6 + o. Let i = j - 8. What are the prime factors of i?
2, 3
Let d = 374 - 201. What are the prime factors of d?
173
Let d = -21 + 30. Suppose -q + 2*q - d = 0. Let n = -6 + q. What are the prime factors of n?
3
Suppose 0 = -0*k + 6*k - 552. What are the prime factors of k?
2, 23
Let z(o) = o**3 - 3*o**2 + 2*o - 1. Let n = 3 - -2. Suppose n*f - 12 = f. What are the prime factors of z(f)?
5
Suppose 3*z - 23 = 82. What are the prime factors of z?
5, 7
Let h(v) = v**3 + 4*v**2 - 8*v - 4. Suppose -3*p + 13 = 2*c + 38, p - 10 = 3*c. What are the prime factors of h(p)?
11
Suppose -3*w = -3*g + 90, 0*g = -5*g - w + 156. What are the prime factors of g?
31
Suppose -s = -3 - 8. Let c = s + -7. Suppose 2*g - c = -0. List the prime factors of g.
2
Suppose -3*x - 5*u + 0*u + 9 = 0, 3*u = -2*x + 5. Let a = x - -15. What are the prime factors of a?
13
What are the prime factors of -3 + (140 - (-2)/(0 + -1))?
3, 5
Let k(n) = n**3 - n**2 - n + 28. List the prime factors of k(0).
2, 7
Let l = 437 - 168. What are the prime factors of l?
269
Suppose 5*r + 4 = 14. Suppose 2*y - 96 = -r*y. What are the prime factors of y?
2, 3
Suppose 0 = -5*k - 15, -22 = 3*c + 3*k + 2. Let r be 0 + (-3 - c) + 1. List the prime factors of r*14/6 + 0.
7
What are the prime factors of 134 + (-18)/5 + 14/(-35)?
2, 5, 13
Let r = 69 + -44. What are the prime factors of r?
5
List the prime factors of 6/18 + 2 + (-706)/(-6).
2, 3, 5
What are the prime factors of 2/(-8) - (-1 - (-874)/(-8))?
2, 5, 11
What are the prime factors of 100 + (0 - (-1 - -2))?
3, 11
Suppose -q - 1 = -4, 2*n = -5*q + 21. Suppose n*t = t + 18. What are the prime factors of t?
3
Suppose -6*f + 8 = -2*f. What are the prime factors of f?
2
List the prime factors of 11 - 5 - (-2 + -1).
3
Suppose -k + 82 = 4*w - 7, 2*w - 47 = -3*k. Let f = w - 12. What are the prime factors of f?
2, 5
Suppose 2*h = 2 + 4. Suppose 120 = 4*v - 7*k + 3*k, -5*k = -h*v + 84. What are the prime factors of v?
3, 11
Suppose 3*b - b + 12 = 0. Let w(y) = 5*y**2 + 6 - 6*y + 2 + 2*y**3 - y**3. What are the prime factors of w(b)?
2
Let y = 10 + -18. Let c be (45/20)/(2/y). List the prime factors of c/(-6)*(-14)/(-3).
7
Suppose -5*g - d = -15, 0*g + 2*g + 3*d = -7. Suppose 0 = -3*x - f + 45, -60 = -g*x - 0*f - f. What are the prime factors of x?
3, 5
Let z(w) = -w**3 - 12*w**2 - 4*w - 16. Let k be ((-4)/(-10))/(2/(-60)). List the prime factors of z(k).
2
Let m(l) = 66*l - 8. What are the prime factors of m(4)?
2
Let o(w) = 7*w - 1. Let m be o(-2). Let y = m - 69. List the prime factors of (-2)/6 + y/(-9).
3
Let j be -5*(0/(-3) - 2). Suppose -2*i = 3*i - j. List the prime factors of i.
2
Suppose 0 = -3*s - n + 357 + 253, -403 = -2*s + 3*n. What are the prime factors of s?
7, 29
Suppose -8 + 3 = -z. Suppose 0 = -z*f - 33 - 7. List the prime factors of (-26)/f + (-1)/4.
3
What are the prime factors of -2*((-100)/8 + -3)?
31
Let i(p) = p**3 + 7*p**2 + p + 5. Let f be i(-7). Let v be 1/f - 12/(-8). Let b = 3 + v. What are the prime factors of b?
2
Let z be 2/(((-10)/12)/5). Let n = 33 + z. List the prime factors of n.
3, 7
Let f = 2 + 2. Suppose -b = -2*h - 15, f*h + 17 = b - 4. What are the prime factors of b?
3
Let a = 9 + -4. Suppose 2*g - 17 = g + u, -a*g + 85 = 4*u. What are the prime factors of g?
17
Let c(q) = q + 1. Let r be c(1). Suppose -r*n + 20 = 5*b, 4 = -0*b + b - 2*n. What are the prime factors of b?
2
Suppose -2 = -2*l + 2. List the prime factors of (-1)/l - 57/(-6).
3
Suppose -33*z = -35*z + 12. List the prime factors of z.
2, 3
Suppose 3*s = -5*o + 29, 20 = s + 3*s + 2*o. Let x be 45 + (1 - s/(-3)). Suppose -5*t = -8 - x. What are the prime factors of t?
11
Let m(i) = -7*i**2 - 3*i - 3. Let k be m(-1). Let z be (-98)/(-8) - 2/8. Let r = k + z. List the prime factors of r.
5
Suppose -2*d + 44 = 2*d. Let y(m) = -27*m**3 + 3*m**2 + 3*m + 8. Let i(b) = -9*b**3 + b**2 + b + 3. Let z(n) = d*i(n) - 4*y(n). List the prime factors of z(1).
2
Suppose -3*b - 7 = -4*k, 5*b + 28 - 1 = -k. List the prime factors of (-4)/k + 0/7.
2
Let y be 3 - (-2 - -11)/3. Let j = y + 6. What are the prime factors of j?
2, 3
What are the prime factors of 58 + (3 - 5 - -1)?
3, 19
Suppose l - 4 = 4*g, -4*l + 7*g = 2*g - 49. Let v = 43 - l. What are the prime factors of v?
3
List the prime factors of 100/8*(0 - -2).
5
Suppose -4*n + 28 + 20 = 0. Let r = 17 - n. Suppose x + 4*m + m + 2 = 0, 0 = -3*x + r*m + 34. What are the prime factors of x?
2
List the prime factors of (19 - 309)*6/(-4).
3, 5, 29
Let t(v) = 4*v**2 + 12*v - 27. What are the prime factors of t(-7)?
5, 17
Let b = -1 + -7. Let y = b - -7. List the prime factors of 6/((-9)/6*y).
2
Let m(q) be the second derivative of 4*q + 1/4*q**5 + 0 + 0*q**3 + 0*q**4 + 1/2*q**2. List the prime factors of m(1).
2, 3
Let u(z) = -z**3 + 9*z**2 - 5*z - 6. Let g be u(8). Suppose 0*y + y = g. List the prime factors of y.
2, 3
Let y = 56 + 18. List the prime factors of y.
2, 37
Let d(p) = 10*p + 14. Let o(y) = 11*y + 15. Let w(u) = -7*d(u) + 6*o(u). Let s be w(-7). Let x = 34 - s. What are the prime factors of x?
2, 7
Let f(z) = z**2 + 3*z - 6. Let o be f(-5). Suppose 18 = -5*u + 3. What are the prime factors of (u/3)/((-1)/o)?
2
Let w(x) = x**3 - 10*x**2 + 8*x + 11. Let l be w(9). Suppose 12 = l*n - 2*a, -51 = 3*n - 8*n - 2*a. List the prime factors of n.
3
Suppose 3*j = 2*j + 3. Suppose -j*l = -8*l + 5*k + 5, k = 2. Suppose b - 16 = -5*c, 8*c = 3*b + l*c - 28. What are the prime factors of b?
11
Suppose 4*a - 33 + 5 = 0. List the prime factors of a.
7
Suppose 3*x + 108 = 3*v, -5*v + 187 = 3*x - 25. Let z be v/(-18) + 2/9. What are the prime factors of z/(-2) + 4 + 2?
7
Suppose 0 = -2*z - z + 12. List the prime factors of z/22 + (-262)/(-11).
2, 3
Let f(i) = -84*i + 6. List the prime factors of f(-1).
2, 3, 5
Suppose 5*u - 3*u = 16. Let g(z) be the first derivative of z**4/4 - 7*z**3/3 - 7*z**2/2 - 2*z - 9. List the prime factors of g(u).
2, 3
Let f(s) = -s**3 + s**2 - 7. Let n be f(0). Let l = n + 13. What are the prime factors of l?
2, 3
Suppose 3*p = 5*m - 298, p + 4*p - 54 = -m. Let h = m - 22. What are the prime factors of h?
37
Let g(j) = 3*j**2 - j. Let u be g(-1). Suppose -2*h - 2*h + u = 0. Let n = 10 - h. List the prime factors of n.
3
Let l be (-1 - 1) + 1 - -43. What are the prime factors of 0 + 1/(3/l)?
2, 7
Let f be (28/2)/2 + -3. Suppose -f + 2 = n. Let i(a) = 2*a**2. List the prime factors of i(n).
2
Suppose 137 = w + 2*w + 5*t, -5*w + 5*t + 215 = 0. Suppose -5*p = 5*j - 120, -j - 3*p + w = 2*p. What are the prime factors of j?
19
Let u = 31 - 10. List the prime factors of u.
3, 7
Let h be -2 + ((-21)/3)/(-1). Suppose -h*p + 3*p = -18. Suppose 5*k + 5*a = 0, -a = -k - k + p. What are the prime factors of k?
3
Let d = -45 - -86. List the prime factors of d.
41
Suppose 5*q + 24 = -1. List the prime factors of q/((-5)/2) - -37.
3, 13
Let m be 2/(-5) + (-34)/(-10). Suppose 0 = m*q - 4*z - 4, q = 3*z + 1 - 3. List the prime factors of q.
2
Suppose 3*y + 9 = 0, i + 3*i + y = 5. Suppose m = 4*a + i - 35, m = -1. List the prime factors of a.
2
Let x(i) = 2*i - 10. What are the prime factors of x(8)?
2, 3
Let j be (0 - 1) + 0 + -4. Let